Suppose 3*s = 305*i - 302*i - 861, -2*s = 2. What is the greatest common divisor of i and 338?
26
Let o be (34 + 1)/7*(-1008)/(-120). What is the greatest common factor of 3318 and o?
42
Let y be (366/36)/((-4)/(-24)) - 7. What is the highest common factor of y and 9774?
54
Let n be -5 + 2 + 8 + 1 + -1. Let o be 2/(-2 - (-155)/75). Calculate the greatest common factor of n and o.
5
Let r = -8568 - -8586. What is the highest common divisor of 1425 and r?
3
Let q(f) = -f**2 + 14*f - 24. Let o be q(3). Suppose 2*k = -o*k + 2442. What is the greatest common factor of k and 12?
6
Suppose -8*y = 165 - 701. Suppose y = 5*o - w + 3*w, 5*o + 5*w - 55 = 0. Calculate the greatest common factor of 435 and o.
15
Let v be (32/(-6))/((-6)/81). Let k(r) = -162*r + 30384. Let o be k(186). What is the greatest common factor of v and o?
36
Let w be (-28 + 1)/(-1) + -1. Suppose -5*a = -6*a + w. Let i be (54 - 58)*39/(-4). What is the greatest common divisor of i and a?
13
Let d(q) = -674*q + 6121. Let a be d(9). Let s be ((-10)/(-4))/(5/110). What is the highest common factor of a and s?
55
Suppose -2*v - 4 = 0, 3*v = 2*q - 2689 - 941. Calculate the highest common factor of q and 84.
12
Let f be 1026/2 + (1 - 3). Let x = -196 + f. Let v be (3 + -1)/(((-6)/105)/(-1)). What is the greatest common factor of v and x?
35
Let l be -1*(2 + -336)*(-2)/(-29 + 28). Calculate the greatest common divisor of 14 and l.
2
Let f be ((-2)/6)/(3/(-63)). Suppose f = t - 0*t. Suppose t*r - 36 = 3*r. Calculate the highest common divisor of r and 27.
9
Suppose 485 = 3*g + 104. Let a be (-6)/(-2) + 10/5 + g. What is the greatest common divisor of a and 36?
12
Let p = 380 - 76. Calculate the greatest common divisor of p and 38.
38
Suppose -2*i - 2*o = -92, -i + 4*o + 222 - 206 = 0. What is the greatest common factor of i and 7080?
40
Suppose 6*y - 1844 = -y - 1823. Let c be 2/5 + (-26)/(-10). Calculate the greatest common divisor of c and y.
3
Suppose -p + 447 + 1381 = -4*d, 0 = -5*p - 3*d + 9094. What is the highest common factor of p and 210?
70
Suppose -32*n + 1401 + 1927 = 0. Calculate the highest common factor of 8632 and n.
104
Let d be -4*3 - (116 + -165). What is the highest common factor of d and 481?
37
Let l(y) = -2*y**3 + 39*y**2 - 82*y + 33. Let f be l(17). Calculate the greatest common divisor of 63 and f.
21
Let f = 1107 - 275. Calculate the greatest common factor of 128 and f.
64
Let o = -16028 + 16100. What is the highest common divisor of 5592 and o?
24
Suppose 30 - 1 = 4*l + 5*x, 5*l + x = 31. Suppose l*a - 28*a = -880. Calculate the highest common factor of 460 and a.
20
Let a be -16 - (-63*48 - 6). What is the highest common divisor of 22 and a?
22
Let l = -2280 - -2325. What is the highest common factor of 870 and l?
15
Let y be (0/1)/(9/(-3)). Suppose -32*t + 37*t - 595 = y. Let i(q) = 3*q - 4. Let r be i(7). What is the greatest common factor of r and t?
17
Suppose 10*j - 1677 + 597 = 0. Calculate the highest common factor of 8 and j.
4
Let k = 5654 + -5582. What is the highest common factor of k and 3042?
18
Let k = 340 + -15. Let d = -4069 - -4199. What is the greatest common factor of k and d?
65
Suppose -n + 4*l + 1661 = l, -3*n = -2*l - 4983. Suppose n = 3*v - 4*g, -21*v + 20*v = 2*g - 557. What is the greatest common divisor of 15 and v?
15
Suppose 4*g + 3*y - 155 = 129, 2*y = 2*g - 128. Let i = g - 67. Let u be (-8)/(-16) + 3/(-6) + i. What is the greatest common factor of u and 7?
1
Let a = -80 - -112. Suppose 1830 + 1700 = 42*b + 842. What is the greatest common factor of b and a?
32
Suppose -25 = -5*c + 45. Suppose 5*h = -3*n - 400, -4*n - h = -n + 380. Let t = 1 - n. Calculate the greatest common factor of c and t.
14
Let y = 15 + -19. Let p be 14/8 - 1/y. Suppose -p*d + 34 = -2*b, 5*b + 2 = d - 3. Calculate the greatest common factor of d and 30.
10
Suppose -2*j - s = -5, 0 = -4*j - 3*s + 2*s + 9. Suppose d = -j - 1, -3*n = 4*d + 6. Suppose -n*u - u = -21. Calculate the highest common divisor of 42 and u.
7
Let o(u) = -u**3 + u + 25. Let q be o(0). Let n = -173 + 194. Suppose 0 = 2*p - 0*v + 3*v - 22, n = 5*p - v. Calculate the highest common divisor of p and q.
5
Let g be ((-6)/(-4))/((-21)/(-364)). Suppose -4*o = -f + g, 2*f + o + 19 = 44. Calculate the highest common divisor of f and 6.
2
Suppose -2*a + 9 - 1 = 0. Suppose 3*u - 2*d - 19 = 0, a*u + 3*d - 2*d - 18 = 0. What is the highest common divisor of u and 25?
5
Let n be (-5)/((-20)/(-12)) - (-3 - 166). Suppose -14*z - n = -26. Let t be z/(8 + -3)*-22. Calculate the highest common divisor of 4 and t.
4
Suppose -81*z + 19920 = 20*z - 36640. Calculate the highest common factor of z and 4060.
140
Let k(u) = -u**3 - 37*u**2 - 43*u - 65. Let f be k(-36). Calculate the highest common divisor of f and 297.
11
Suppose 5*h = 4*x + h - 19560, 0 = 5*h. Calculate the greatest common divisor of 10 and x.
10
Let d = -147434 + 147489. Let z(t) = 23*t - 5. Let w be z(5). What is the greatest common factor of d and w?
55
Let r(v) = 10*v**2 + 9*v - 6. Let o be r(1). Suppose o + 154 = 3*l - i, -164 = -3*l + 4*i. What is the greatest common divisor of l and 8?
8
Let f(m) be the second derivative of m**4/12 + 4*m**3 + 4*m**2 + 2*m - 39. Let l be f(-24). What is the highest common divisor of l and 72?
8
Let g = -8786 + 8858. What is the highest common divisor of g and 171?
9
Suppose 0 = -3*d + 4*s - 14 + 44, -5*s = -5*d + 55. Suppose 40*n - 7722 = d*n. What is the highest common divisor of n and 22?
11
Suppose 0 = q + 3*y - 132, 4*q - 4*y = 189 + 323. Let z = -114 + q. What is the greatest common divisor of 15 and z?
15
Let t be 2/(-3)*(26/(-4) - -5). Let a be (22/(-55))/(t/(-165)). Calculate the greatest common factor of a and 22.
22
Suppose 0 = -4*r - 2*r + 36. Suppose 3*g - 137 = -4*j, 0 = -5*g + 3*j - r + 273. What is the greatest common divisor of 17 and g?
17
Suppose -5*o = 25, -4*r + 150 = -r - 3*o. Suppose -r - 35 = -4*p. What is the highest common divisor of 70 and p?
10
Let g(i) be the first derivative of 143*i**3/3 + i**2/2 + i + 22. Let c be g(-1). Let f = 47 + -34. What is the greatest common divisor of c and f?
13
Suppose 0 = -5*a - 2*n + 1282, 2*a - 547 + 39 = 4*n. Let c be (3/1)/(3*1/(-2)). Let o be 16/c*(-14 - -10). Calculate the greatest common factor of a and o.
32
Let s be (-12)/(-3) + 70 + -4. Suppose 33*j = 743 + 577. Calculate the highest common divisor of s and j.
10
Let y(h) = 220*h**2 + 2*h + 5. Let r be y(-3). Let m = r - 1266. What is the highest common factor of m and 31?
31
Let f be -3 + -2 - -5*(-2276)/(-20). Calculate the highest common factor of f and 6956.
188
Suppose -3*d = 5*y - 9103 + 2323, -d = -5*y - 2300. Calculate the greatest common factor of d and 20.
10
Let o(h) = 2*h + 32. Let z(f) = -3*f - 62. Let k(v) = 5*o(v) + 3*z(v). Let j be k(28). Calculate the greatest common divisor of j and 11.
1
Suppose 52 = 4*m - 68. Let u = 256 + m. Let d be 1415/55 - 18/(-66). What is the greatest common factor of d and u?
26
Let i(w) = 118*w + 634. Let c be i(-5). What is the greatest common factor of c and 4796?
44
Suppose 0 = -2*n - 2*u + 1220, -n + 5*u = 2*n - 1790. What is the highest common divisor of n and 110?
55
Suppose 0 = -5*t - g + 28, -3*t = 2*g - g - 18. Suppose -t*l = -27 + 17. Let y be (5/(-10) + 1)/(l/72). Calculate the greatest common divisor of y and 36.
18
Suppose -6*l + 9*l = 0. Suppose l = -17*t + 23*t - 18. Suppose 3*j + p = 115, 0 = -2*j + p - 8 + 88. Calculate the greatest common factor of t and j.
3
Let r be 1 + 0 + (90 - 1). Suppose -115*q + 9691 + 9063 + 4016 = 0. Calculate the highest common divisor of q and r.
18
Let h(k) = 12*k + 28. Let p be h(28). Let b = p - 203. Calculate the greatest common divisor of b and 46.
23
Let z be (-26)/(-6) - (-8)/12. Suppose 2*x + 1 = k, -2*k + z*x + 7 - 8 = 0. What is the highest common divisor of k and 4?
1
Let n = 4 - 1. Suppose -4*s = -t - n, -2*s + 9 = -s - 3*t. Suppose -73*r + 71*r + 40 = s. Calculate the greatest common divisor of 140 and r.
20
Let k = -142 - -294. Let j(q) = -7*q - 64. Let r be j(-20). Calculate the highest common factor of k and r.
76
Let c(i) = -522*i + 518. Let f be c(0). Calculate the greatest common divisor of 14 and f.
14
Let k = -347 + 499. Let o be -1 + 1 - (-2)/1. Suppose 7*p - 2*p = 10, u 